t is the ten thousands digit of 33385531?
8
What is the millions digit of 5159085?
5
What is the units digit of 119868955?
5
What is the units digit of 7113978025?
5
What is the hundred millions digit of 586672259?
5
What is the hundred millions digit of 111332572?
1
What is the ten thousands digit of 282185112?
8
What is the tens digit of 2462843121?
2
What is the units digit of 88167302?
2
What is the millions digit of 7198264?
7
What is the tens digit of 47504834?
3
What is the hundred thousands digit of 21656208?
6
What is the tens digit of 159340078?
7
What is the ten thousands digit of 1320147657?
4
What is the thousands digit of 343222143?
2
What is the tens digit of 57443987?
8
What is the tens digit of 4365531229?
2
What is the millions digit of 50943206?
0
What is the tens digit of 169420468?
6
What is the ten thousands digit of 8901828?
0
What is the ten thousands digit of 34505036?
0
What is the hundred millions digit of 1022359729?
0
What is the hundred millions digit of 324593818?
3
What is the hundreds digit of 730163454?
4
What is the tens digit of 186651916?
1
What is the tens digit of 57741572?
7
What is the ten thousands digit of 202814211?
1
What is the ten thousands digit of 77632559?
3
What is the hundred millions digit of 363734074?
3
What is the units digit of 86425699?
9
What is the thousands digit of 1038380618?
0
What is the units digit of 185365334?
4
What is the tens digit of 8391576?
7
What is the thousands digit of 428091620?
1
What is the hundred thousands digit of 37301501?
3
What is the ten thousands digit of 1748366742?
6
What is the millions digit of 81972405?
1
What is the millions digit of 391322903?
1
What is the units digit of 724574731?
1
What is the hundred thousands digit of 243849?
2
What is the ten thousands digit of 2700965358?
6
What is the hundreds digit of 30976370?
3
What is the millions digit of 4002919071?
2
What is the hundred thousands digit of 1175016913?
0
What is the hundred thousands digit of 236474337?
4
What is the millions digit of 16858366?
6
What is the ten thousands digit of 47023942?
2
What is the hundred thousands digit of 310441851?
4
What is the thousands digit of 677862?
7
What is the thousands digit of 226417723?
7
What is the hundred thousands digit of 289792339?
7
What is the ten millions digit of 2570132203?
7
What is the billions digit of 3217657960?
3
What is the hundred thousands digit of 32171421?
1
What is the ten millions digit of 74050521?
7
What is the units digit of 22215744?
4
What is the hundred thousands digit of 3660522844?
5
What is the units digit of 213914655?
5
What is the thousands digit of 229842849?
2
What is the hundred thousands digit of 1090608535?
6
What is the tens digit of 78054391?
9
What is the ten millions digit of 18182196?
1
What is the thousands digit of 636625676?
5
What is the hundred thousands digit of 72538474?
5
What is the hundreds digit of 227387660?
6
What is the ten millions digit of 719522724?
1
What is the tens digit of 1547912289?
8
What is the hundreds digit of 475983423?
4
What is the units digit of 133654277?
7
What is the ten thousands digit of 235977347?
7
What is the tens digit of 163264404?
0
What is the ten millions digit of 3155308549?
5
What is the tens digit of 152635101?
0
What is the thousands digit of 1273993221?
3
What is the hundred thousands digit of 86146150?
1
What is the hundreds digit of 323888266?
2
What is the thousands digit of 5641848303?
8
What is the millions digit of 11227541?
1
What is the tens digit of 645980184?
8
What is the tens digit of 13856719?
1
What is the tens digit of 115929253?
5
What is the hundreds digit of 74664378?
3
What is the thousands digit of 206366259?
6
What is the ten millions digit of 434788899?
3
What is the millions digit of 358253789?
8
What is the hundred millions digit of 403629784?
4
What is the ten thousands digit of 51313551?
1
What is the hundred millions digit of 2098484901?
0
What is the thousands digit of 429894344?
4
What is the hundred thousands digit of 641192993?
1
What is the tens digit of 318346345?
4
What is the tens digit of 525139083?
8
What is the millions digit of 101239331?
1
What is the tens digit of 1225886428?
2
What is the ten millions digit of 5891705714?
9
What is the ten millions digit of 1471424193?
7
What is the units digit of 90159028?
8
What is the units digit of 1194789894?
4
What is the hundred thousands digit of 1481777008?
7
What is the hundred millions digit of 830611885?
8
What is the millions digit of 1059135058?
9
What is the hundred thousands digit of 1090104299?
1
What is the hundred millions digit of 573182966?
5
What is the units digit of 1267576166?
6
What is the units digit of 1431555979?
9
What is the hundred millions digit of 1179864719?
1
What is the millions digit of 144800813?
4
What is the hundreds digit of 148366119?
1
What is the ten millions digit of 150133607?
5
What is the ten thousands digit of 8912117?
1
What is the thousands digit of 460497217?
7
What is the units digit of 121683127?
7
What is the hundred thousands digit of 7418582197?
5
What is the units digit of 26956319?
9
What is the thousands digit of 1963418567?
8
What is the hundreds digit of 199238339?
3
What is the hundred thousands digit of 753029556?
0
What is the hundred thousands digit of 741435058?
4
What is the thousands digit of 169410614?
0
What is the hundred thousands digit of 390378155?
3
What is the ten millions digit of 132405695?
3
What is the tens digit of 93621061?
6
What is the ten thousands digit of 1428775037?
7
What is the millions digit of 787428795?
7
What is the ten millions digit of 312900789?
1
What is the ten millions digit of 148026393?
4
What is the ten millions digit of 1470372183?
7
What is the ten thousands digit of 205801192?
0
What is the millions digit of 650382406?
0
What is the hundreds digit of 1670569388?
3
What is the ten thousands digit of 171208674?
0
What is the tens digit of 94382882?
8
What is the tens digit of 44035332?
3
What is the hundred thousands digit of 7862427195?
4
What is the hundred thousands digit of 1085833203?
8
What is the hundred thousands digit of 7632297590?
2
What is the hundred thousands digit of 85885256?
8
What is the hundred millions digit of 1008404951?
0
What is the tens digit of 46971121?
2
What is the ten millions digit of 1015089599?
1
What is the ten thousands digit of 2211245794?
4
What is the millions digit of 448856520?
8
What is the hundred thousands digit of 61309991?
3
What is the units digit of 877522212?
2
What is the hundreds digit of 394123165?
1
What is the hundred thousands digit of 2827810330?
8
What is the thousands digit of 227320628?
0
What is the hundred millions digit of 2906822335?
9
What is the ten millions digit of 64604029?
6
What is the ten millions digit of 128203025?
2
What is the units digit of 4937810?
0
What is the ten millions digit of 668755021?
6
What is the tens digit of 7905127048?
4
What is the hundred millions digit of 404834103?
4
What is the units digit of 2262175014?
4
What is the ten millions digit of 351498513?
5
What is the ten thousands digit of 39189603?
8
What is the millions digit of 31858759?
1
What is the ten thousands digit of 9293970273?
7
What is the millions digit of 325665166?
5
What is the hundreds digit of 5549871847?
8
What is the tens digit of 1482350367?
6
What is the ten millions digit of 17470359?
1
What is the hundreds digit of 6078887?
8
What is the hundred millions digit of 321506709?
3
What is the ten millions digit of 53100554?
5
What is the units digit of 6011195761?
1
What is the millions digit of 1067606430?
7
What is the millions digit of 100617816?
0
What is the millions digit of 5923703?
5
What is the thousands digit of 2040226663?
6
What is the millions digit of 1811826444?
1
What is the billions digit of 1522913278?
1
What is the hundred thousands digit of 388367275?
3
What is the hundreds digit of 25513346?
3
What is the thousands digit of 146351477?
1
What is the ten millions digit of 1318900341?
1
What is the hundred thousands digit of 212245635?
2
What is the hundred millions digit of 104321877?
1
What is the tens digit of 414054428?
2
What is the units digit of 405507022?
2
What is the thousands digit 